 o(-6)?
9
Let d(k) = -4 - 4*k + k**3 + 2*k - k**2 + 2*k. Let o be d(0). Let i(t) be the second derivative of t**5/20 + t**4/4 - t**3/2 + 3*t**2/2 + t. Calculate i(o).
-1
Suppose -4*o + 6*o = -24. Let j(y) = -y**3 - 12*y**2 + y + 16. Give j(o).
4
Suppose -5*y = 5*f, -3*y - 18 = -4*f - y. Suppose -2*d = -f*d + 1. Let l(i) = 2*i - 2 - d + 2 - 1. Determine l(-3).
-8
Let k(h) = h**2. Let f(j) = 5*j + 2*j**3 - 5*j**3 - 6*j**2 + 4*j**3 + 2. Let c be f(5). Suppose 0 = l - c. Give k(l).
4
Let s(r) be the third derivative of -r**5/30 + r**4/24 + r**3/3 + r**2. Suppose -2*f - 5*q - 11 = -0, 0 = 5*f + q - 7. Calculate s(f).
-4
Let n be 3/2 + (-196)/(-56). Let s(a) = 4*a - 4*a - 3 + a. Give s(n).
2
Suppose 5*y - 9*y = 4. Let o(c) = 7*c - 6*c + 6*c + 1. Determine o(y).
-6
Let u(z) = z**3 - z**2 + 1. Let b = 40 + -41. What is u(b)?
-1
Let r(w) be the second derivative of w**4/2 - w**3/6 + 17*w. Determine r(-1).
7
Let y(f) = -7*f**3 + 2*f - 4. Let w(c) = -c + 1. Let a(g) = -3*w(g) - y(g). Let m be (-6)/(-4*2/(-12)). Let k = m - -8. Calculate a(k).
-7
Let s(b) be the third derivative of b**6/120 + b**5/10 - 7*b**4/24 - b**3 - 7*b**2. Determine s(-7).
-6
Let i(b) = -7*b - 3. Suppose 0 = 4*n - 8*n - 8. What is i(n)?
11
Suppose 60 = 15*n - 25*n. Let p(g) = g + 6. Give p(n).
0
Let f(r) = -2*r - 1. Let k(u) = -u**2 - 10*u - 22. Let i be k(-4). Determine f(i).
-5
Let b(g) = -1. Let u(m) = 2*m - 1. Let i(d) = -4*b(d) + u(d). Calculate i(-4).
-5
Let p(k) = 1 - 4*k + 1 + 3*k. Let w(m) = m**2 - m - 1. Let t be w(-2). Let g = t - 2. Determine p(g).
-1
Let s(i) = -3*i + i - i + 5*i + 7. Let z = -10 + 4. What is s(z)?
-5
Let x(d) be the third derivative of 0*d + 2*d**2 + 0 + 0*d**3 - 1/120*d**6 + 1/24*d**4 - 1/60*d**5. What is x(-2)?
2
Let a(s) = -s + 2. Suppose 5*x - r = 2*r + 13, -2*x + 3*r + 7 = 0. Let f(p) = p**2 - 4*p + 2. Let n be f(x). Calculate a(n).
4
Let m(c) = -3 - 1 + c + 8. Determine m(6).
10
Let p be (3 + 30/(-9))*-3. Let j(f) = 8*f**2 - 2*f + 1. Calculate j(p).
7
Let l(n) be the second derivative of -n**3/3 - 9*n**2/2 - 17*n. Calculate l(-6).
3
Let w be ((-24)/(-54)*3)/((-4)/(-6)). Let c(r) be the first derivative of r**4/2 - 3*r**2/2 + 3*r - 1. Determine c(w).
13
Let s = -20 + 18. Let f(t) = -5*t + 1. Give f(s).
11
Let a = 66 + -61. Let l(s) = 2*s**2 - s - s**2 + 4 - 3. Let j(d) = -7*d**2 + 11*d. Let z(g) = j(g) + 6*l(g). Calculate z(a).
6
Let u(o) = -o**2 + 6*o - 5. Suppose 4*h = -f + 4, h - 2*f = 1 - 9. Suppose h = -m + n - 2 + 3, 5*m - 33 = -2*n. Calculate u(m).
0
Let g(p) = p**3 + 6*p**2 + 4*p - 1. Let y be g(-5). Let w(x) = -x**2 - x. Let v(a) = a**3 - 4*a**2 + 7*a - 5. Let r(b) = v(b) + w(b). Give r(y).
3
Suppose -r + 22 = -y, 5 + 15 = -4*y. Suppose 8 = -0*t + 2*t, d = -3*t + r. Let q(j) = 5*j - 1 - j**2 + 0*j**2 - 1. What is q(d)?
-2
Let j(l) = 2*l - 6. Let y(w) = -w. Let k(i) = j(i) - 2*y(i). Give k(4).
10
Let k(a) = 5*a**2 + 2*a**2 + 2 - 6*a**2 - 4 + a. Let o = 16 - 16. Calculate k(o).
-2
Let p(r) = -r**2 + r + 3. Suppose 0 = 5*k - 8*k + 9. Determine p(k).
-3
Let j(y) be the second derivative of -1/6*y**4 + 1/2*y**2 + 1/6*y**3 - 2*y + 0. What is j(2)?
-5
Suppose 4*f + g - 4 = -0*f, 8 = -2*g. Let j(b) = f + 2*b - 2 - 1 + b**3 - b**2. Give j(2).
7
Let h = 9 - 4. Let y(k) be the first derivative of k**5/60 - k**4/4 + k**3/3 + k**2/2 + 2. Let u(w) be the second derivative of y(w). Give u(h).
-3
Let i(w) = w**3 + w**2 - w - 5. Let u = -23 + 24. Let n be u - (0 + 0 + 1). What is i(n)?
-5
Let j(u) = 109*u - 3*u**2 + u**2 - 107*u - 3. What is j(2)?
-7
Let k(x) = x**3 - 4*x**2 + 4*x + 1. Let q be (-7)/(-2) + 2/(-4). What is k(q)?
4
Let d = 1 + -4. Let w(r) = -4*r - 1. Let u(c) = 11*c + 3. Let j(o) = d*u(o) - 8*w(o). Let z be ((-3)/2)/(9/12). What is j(z)?
1
Suppose -21*t + 26*t - 15 = 0. Suppose 3*k = -l + 11 - 1, l = -2. Let d(v) = -1 + t - k - 5 - v. Determine d(0).
-7
Let b be (-95)/(-20) + 1/4. Suppose 2 = -f + b. Let q(o) = 3 + f + 7 - 2 + o. What is q(-5)?
6
Let j(o) = 15*o**3 - o**2 - o. Suppose -4*z = -z + 3. Give j(z).
-15
Let q = 23 + -11. Suppose t = -3*t + 2*m + q, 33 = 5*t + 2*m. Let n(i) = i - 1. Calculate n(t).
4
Let s(o) = -o**3 + 2. Let d(k) = -k + 4. Let i be d(2). Let n be s(i). Let y(l) = -l + 2. Determine y(n).
8
Let d(c) be the second derivative of -c**4/12 + 7*c**3/6 - 3*c**2/2 + 4*c. What is d(4)?
9
Let z(x) = -13*x. Suppose -3*m - 10 = -4*g - m, 4*m = -g - 11. What is z(g)?
-13
Let h(l) = l - 3*l**2 - 5 - 2*l**2 + 0*l**2 + 6*l**2. Suppose 0 = 4*t - 3*t - 3. Suppose 0*z = -t*z - 12. Determine h(z).
7
Suppose -3*j = 5 - 2. Let v(d) = 57*d - 55*d + 0 + 6*d**2 - 3*d**2 + 1. Calculate v(j).
2
Let n(u) be the second derivative of -u**5/20 + 5*u**4/12 - 2*u**3/3 + 12*u. Calculate n(3).
6
Let b(p) = -p**2 + 43 + 0*p**2 + 8*p - 40. Determine b(8).
3
Let h(a) = -4*a**2 - 2*a + 11. Let p(l) = l**2 - l - 1. Let z(y) = h(y) + 5*p(y). Determine z(7).
6
Let v(d) = 8 - d + 0*d + 0. Let y(m) = 9*m - 12. Let p be y(2). Give v(p).
2
Let t(l) be the second derivative of l**5/20 + l**4/6 - l**3/3 + 3*l**2/2 + 59*l - 1. Suppose u + 2*o - o - 1 = 0, 5*o = -4*u + 8. Determine t(u).
0
Suppose -a = -0*a. Let k(j) = j + 8. Give k(a).
8
Let i be 12/(-2)*(-2)/4. Suppose 9*z - 5 = 4*z. Let b(g) = -g + z + 4*g**3 - 3*g**3 - 3 - 2*g**2. Calculate b(i).
4
Let u(h) be the second derivative of -h**6/360 - h**5/40 + h**4/8 + h**3/6 - 6*h. Let g(k) be the second derivative of u(k). Give g(-4).
-1
Suppose -5*k - 3*d = -4, -k + 14 = 4*k - 2*d. Let z be 0 + (-1 - (-5 + k)). Let l(m) = -m + 0 - 2*m**z + m**2 + 2. Give l(-2).
0
Let b(f) be the first derivative of -3*f**2/2 - 6*f + 4. Let z = 6 - 10. Give b(z).
6
Let i(h) = -3*h**3 - 4*h. Let a = 33 - 22. Let m(c) = -8*c**3 + c**2 - 12*c - 1. Let q(o) = a*i(o) - 4*m(o). Calculate q(-5).
9
Let r be (-2 - 45/(-20))*0. Let p(x) = -x - 10. Determine p(r).
-10
Let l(m) = -m + 1. Let u(r) = r**2 - 4*r - 10. Let o be u(5). Let q = -3 - o. Determine l(q).
-1
Suppose 6*t - 6 - 6 = 0. Let o(y) = y**3 - 2*y + 1. Determine o(t).
5
Let h(o) = o**3 - 5*o**2 - 5*o - 8. Let w(m) = 2*m**2 + 5*m + 3. Let c be w(-3). Determine h(c).
-2
Let a = 75 + -72. Let j(i) be the first derivative of 5/2*i**2 - a + 0*i. Determine j(2).
10
Suppose 4*c + 2*h - 10 = 0, 5*h = 4*c + h + 8. Let f(s) = -s**2 - s. Give f(c).
-2
Let v(t) be the first derivative of t**3/3 + 3*t**2 + 3*t - 3. Let n(x) = -2*x**2 - 12*x - 6. Suppose 1 = -a - 3. Let j(f) = a*n(f) - 9*v(f). Calculate j(-2).
5
Let p = -21 - -25. Let v(x) be the third derivative of 4/3*x**3 + 1/24*x**p - 3*x**2 - 1/120*x**6 + 0*x - 1/10*x**5 + 0. What is v(-6)?
2
Let d(j) be the second derivative of -j**5/20 + j**4/3 + j**3 + 3*j**2 - 46*j. What is d(5)?
11
Let c(o) = -3*o + 1. Let t be (-4 + 1)/((-4)/4). Let y = -3 + t. Let a be (2 - 8)/(y + -2). Determine c(a).
-8
Let j(h) be the second derivative of 3*h**3/2 + h**2/2 + 8*h. What is j(-1)?
-8
Let s be (-2 - 1)/((-6)/52). Suppose -x - 4 = 0, 0 = -3*j - 5*x - 0*x - s. Let r be (j + 1)*(-3)/3. Let z(c) = 10*c**3 - c**2 - c + 1. Calculate z(r).
9
Let d(v) = 3*v**3 - 4*v**2 + 4*v - 3. Suppose 0*u + 6 = 2*u. Suppose 0 = 2*x - u*x + 2. What is d(x)?
13
Let r(c) = c**3 - 4*c**2 - c + 4. Let w be r(4). Let q(k) = k**3 + k**2 + k - 9. Calculate q(w).
-9
Let k be 6/(-10) - (-4)/(-10). Let w be 0 - (2 + (-2 - 0)). Let q(y) = w*y - 2*y + 8*y. What is q(k)?
-6
Let l(j) = 2*j - j - 2 - 2*j. Suppose 0 = -5*h + 2*h + 3*a + 24, -3*a = 9. Determine l(h).
-7
Let n(o) = -5*o**3 + 2*o**2 - o. Suppose -b - 2 + 3 = 0. Determine n(b).
-4
Let i(h) = h**2 - 10*h + 2. Let p be i(11). Suppose p = -3*s - 2. Let g(r) = r - 3. Give g(s).
-8
Let a(p) = 1 + 5*p - 4*p - 2*p. Let n(z) = z**2 + 9*z - 6. Let t(w) = -6*a(w) - n(w). Calculate t(-2).
2
Let q(v) = -v**2 - v**2 + 1 + v + 5*v**2. Suppose 2*p - 2 + 4 = 0. Give q(p).
3
Suppose 3*f = 5*q + 17, -3*q - 4*f - 16 = -0*f. Let c(r) = -r**3 - 2*r**2 + 5*r - 1. Calculate c(q).
11
Let z(c) = 2*c + 4. Suppose m + 4 + 1 = 0. What is z(m)?
-6
Let g be (0 - 1)*(4 + -7). Suppose -g*q - 12 = q. Let p be (0/2)/(q + 5). Let u(z) = -z**2 - z - 3. Determine u(p).
-3
Let l(z) = -3*z**3 + z**2 + z - 1. Let g = 17 - 16. Calculate l(g).
-2
Let c(y) = 4*y - 10 + y**2 - 6 + 25 - 11. Determine c(-4).
-2
Let o(t) = -t**3 - 14*t**2 - 7. Let v be o(-14). L